uppose -8*o + c = -287. What are the prime factors of o?
2, 5
Let r(c) = c**3 - 5*c**2 - 11*c + 8. Let m be r(7). Let v(h) = h + 26. Let o be v(-13). Suppose 2*j = o + m. List the prime factors of j.
3, 7
Suppose 0*i - 25 = 5*i. Let u be (-8)/i - (-2)/5. Suppose -o - 15 = -u*o. What are the prime factors of o?
3, 5
Suppose -6337 = -2*x - 3*c, -15 = -13*c + 16*c. List the prime factors of x.
2, 397
Let l(z) = -82*z - 169. List the prime factors of l(-24).
7, 257
What are the prime factors of 8 - (-7 + -5 + -5439 + 7)?
2, 29, 47
Suppose 5*i + 0*a - 5*a = 400, 5*i = 2*a + 397. List the prime factors of i.
79
What are the prime factors of 1122/(-99)*657/(-2)?
3, 17, 73
Let b(w) = 3*w**2 - 3*w + 3. Suppose 2*l + 16 = -5*r - 5, -r = -l. What are the prime factors of b(l)?
3, 13
Let a(d) = d - 1. Let r be a(4). Let g(w) = w**3 - 2*w**2 + 7*w - 11. List the prime factors of g(r).
19
Let f = 752 - 604. What are the prime factors of f?
2, 37
Let a be 1 - 4/(12/(-1293)). What are the prime factors of a/4 - -3 - -2?
113
Let r(z) = -z**2 + 84*z - 45. What are the prime factors of r(35)?
2, 5, 167
Suppose l - 3*y + 4*y = 7, -3*y + 9 = -l. Let k be (4 - l)*2/2. List the prime factors of -3 + (10 - (-1 + k)).
7
Let n be (-182)/(-14) - (2 - -1). What are the prime factors of (-116)/10*n/(-2)?
2, 29
Let b(z) = -z**3 - 22*z**2 - 2*z + 32. List the prime factors of b(-23).
607
Suppose 3 = -13*z + 14*z. Suppose -2*l + 102 = 2*l + 5*k, 0 = -l - z*k + 22. List the prime factors of l.
2, 7
Suppose 146*b - 144*b - 3554 = 0. List the prime factors of b.
1777
Let h be (-1)/((-2)/(-90)*-1). Suppose h = -5*n + 315. List the prime factors of n.
2, 3
Let i = -1372 - -788. List the prime factors of 1/(-4) - i/32.
2, 3
Suppose -3032 = -4*t - 10*x + 6*x, 0 = 5*t - x - 3814. What are the prime factors of t?
2, 3, 127
Suppose -6 = -2*b + 2*y, 3 = 3*b + 5*y - 14. Let l(o) = -3*o + 22 + 9*o - b*o. What are the prime factors of l(5)?
2
Let g(v) = v**3 - 4*v**2 - 3*v + 16. What are the prime factors of g(11)?
2, 5, 83
Let a = -651 - -989. What are the prime factors of a?
2, 13
Let y be (12/(-4) - 1*-2)*4. Let z(l) = -l**3 + l**2 + 6*l - 9. What are the prime factors of z(y)?
47
Let g be (0 - (5 + -6))/((-2)/(-6)). Suppose g*x = 2*x + 2*o + 48, -x + 63 = -5*o. What are the prime factors of x?
2, 19
Let u = -16 - -281. List the prime factors of u.
5, 53
Suppose 0 = 158*k - 164*k + 11676. What are the prime factors of k?
2, 7, 139
Let q = 250 + -250. Let x = -1 + 5. Suppose q = -x*d + 12*d - 256. List the prime factors of d.
2
Suppose 0 = -5*n + 9 + 6. Suppose 8 = v + n*v. List the prime factors of 2/4*32/v.
2
Let z(s) = s**2 + 4*s - 25. Let f = -4 - -14. What are the prime factors of z(f)?
5, 23
Suppose 5*g + 0*t - 4*t - 46 = 0, 3*g = -2*t + 10. List the prime factors of (36/16)/(0 - g/(-16)).
2, 3
Let d = -757 - -1464. Let v = d - 457. What are the prime factors of v?
2, 5
Suppose 4*y - 8*y + 1248 = -x, -2*y + 642 = 4*x. List the prime factors of y.
313
Let r(m) = 30*m**2 - 8. What are the prime factors of r(3)?
2, 131
Let l(s) = 20*s**2 - 5*s + 19. List the prime factors of l(5).
2, 13, 19
Let n be (-20)/(-15)*27/6. Let u be (-2)/(-3) - 196/n. Let i = -9 - u. What are the prime factors of i?
23
Suppose -5*c = 3*c - 12104. What are the prime factors of c?
17, 89
Suppose -5016 = -n - 2*v, -4*n + 27082 - 7026 = 4*v. What are the prime factors of n?
2, 7, 179
Let q(f) = -f**2 - 21*f + 20. Let l be q(-15). Suppose 4*r - 97 = -k, 3*r + 151 = 3*k - l. List the prime factors of k.
89
Let g(y) = -32*y + 99. What are the prime factors of g(-13)?
5, 103
Let k(t) be the second derivative of -t**5/10 - t**4/3 - 2*t**3/3 - 4*t. Let u(i) = -i**3 + 6*i**2 + i - 9. Let l be u(6). List the prime factors of k(l).
2, 3, 5
Let q(b) = b - 9. Let c be q(4). Let l be (-24)/c*(-200)/(-16). Suppose 4*t + 3*k - l = 0, -46 + 10 = -4*t + 3*k. List the prime factors of t.
2, 3
Let j(b) = 7*b - 23. What are the prime factors of j(4)?
5
Suppose 0 = z - r - 749, 702 = -3*z + 2*r + 2951. List the prime factors of z.
751
List the prime factors of ((-2)/(-4))/((-12)/(-16536)).
13, 53
Suppose -2*q - q - 669 = 5*g, 4*q = 5*g - 857. Let x = 365 + q. What are the prime factors of x?
3, 7
Suppose -6*c + c - 4*x - 50 = 0, 2*x = -4*c - 34. Let f be (-1)/c + (-490)/(-84). Suppose f*u - 88 = 4*u. What are the prime factors of u?
2, 11
Let c(k) = -k**3 + 12*k**2 + 18*k - 10. List the prime factors of c(-7).
3, 5, 53
Let g(v) = -9 - 2*v**2 + 5*v**2 - 3*v + 0*v**2 + v**2. List the prime factors of g(5).
2, 19
Let w = 563 + -77. List the prime factors of w.
2, 3
Let f(b) = b**3 - 8*b**2 + 34*b - 66. List the prime factors of f(14).
2, 13, 61
Let a(c) = -c**3 - 11*c**2 - c - 79. What are the prime factors of a(-14)?
523
Let l(j) = -j**3 + 4*j**2 + 3*j + 6. Let x be l(5). Suppose -5*r + 41 = 2*i, -4*r - 17 = 2*i - 55. Let a = i + x. List the prime factors of a.
3
Let o(y) = 74*y**2 - 4*y - 5. List the prime factors of o(-2).
13, 23
Suppose 0 = 4*v - 8, w - 10 = -3*w - v. List the prime factors of ((-5)/w)/(1/(-38)).
5, 19
Let g(f) = 16*f - 12. Let t = -15 - -19. Suppose -t*j + 17 = -0*j + 3*a, -2*j - 2*a = -8. What are the prime factors of g(j)?
2, 17
Let y = -363 - 6. Let t = 692 + y. List the prime factors of t.
17, 19
Let v = -130 + 76. Let b = -21 + 7. What are the prime factors of v/(-7) - b/49?
2
Suppose -2*d + 3*f - 26054 - 3944 = 0, 44994 = -3*d + 3*f. Let g be 4/(-7) + d/(-28). Suppose -23 = 8*o - g. What are the prime factors of o?
2
Suppose -30 + 10 = -4*g. Let w be (g - 1)*1 + -2. Suppose 57 = w*k - 17. List the prime factors of k.
37
Let b = 140 + -94. Suppose -2*f + 74 = -4*h - b, h = 5*f - 327. What are the prime factors of f?
2, 3, 11
Let y(r) = -r + 5. Let g(u) = -10. Suppose x - 2*l = -6, -23 = -5*x - 2*l - 77. Let m(f) = x*y(f) - 5*g(f). What are the prime factors of m(5)?
2, 5
Let r(o) = 9*o**2 - 3*o + 1. Let j(w) = -w**2 + 1. Let a(f) = 4*j(f) + r(f). List the prime factors of a(3).
41
Let a(p) = -6*p**3 + 3*p**2 + 2*p. Let g be a(-1). Let w(h) = 6*h**2 - 17*h + 4. What are the prime factors of w(g)?
179
Suppose 96 = 4*l - 180. Suppose 2*y - b = l, 96 = y + 2*y - 4*b. List the prime factors of y.
2, 3
Let z be (1 - 0)/((-4)/(-556)). Suppose -39 + z = 4*v. What are the prime factors of v?
5
What are the prime factors of (-184)/(-69)*174/2?
2, 29
Let z(j) = 2*j**2 - j + 1. Suppose 4*q + 0*q = 4. Let t be z(q). Suppose t*n - 16 = 22. What are the prime factors of n?
19
Let n(y) = y**2 + 4*y + 6. Let o be n(-5). Suppose 9*b = o*b - 4. Suppose -f - b*w + 5 = 0, -2*w - 3*w - 55 = -5*f. What are the prime factors of f?
3
Let m be (-119)/17*(1 - 2). Suppose 0 = 2*g - m*g + 175. What are the prime factors of g?
5, 7
Suppose 5*j - 165 = -130. Let r(i) = -i**3 + 8*i**2 + 3*i + 10. List the prime factors of r(j).
2, 5
Let q(y) = 4*y. Let s be q(2). Let l(f) = 2*f - 12. Let d be l(s). What are the prime factors of (-278)/(-14) + d/28?
2, 5
Let r(n) = -n**2 + 14*n + 24. What are the prime factors of r(9)?
3, 23
Suppose -442 = -3*a - 2*b, 2*a + 5*b = -3*a + 730. Let r = 285 - a. List the prime factors of r.
3, 5
Let q = 497 - 153. List the prime factors of q.
2, 43
Let w be 0*2*(-2)/8. Suppose h = 3*j + 168, j + 164 = -w*h + h. What are the prime factors of h?
2, 3
Suppose -12*l + 15*l - 15 = 0. Suppose -2*h - l*s - 121 = -3*h, -2*h - s = -253. List the prime factors of h.
2, 3, 7
Suppose -2*a + 5*d = -4084, 4*a - 21*d + 22*d - 8146 = 0. What are the prime factors of a?
3, 7, 97
Suppose s = -31*c + 32*c - 238, -3*c = -4*s - 714. What are the prime factors of c?
2, 7, 17
Suppose -4038 = -16*g + 1482. What are the prime factors of g?
3, 5, 23
Suppose 2*s - 107 = -3*i - 2*s, -2*i + 73 = s. What are the prime factors of i?
37
Let b(u) = -12*u - 37. What are the prime factors of b(-30)?
17, 19
Let a(l) = -l**3 + 13*l**2 + 2*l - 5. Let h be a(13). Suppose -i + 9 = -h. List the prime factors of i.
2, 3, 5
Suppose -695*m = -697*m + 5450. List the prime factors of m.
5, 109
Let w = 42 - -747. What are the prime factors of w?
3, 263
Suppose 2*i - 508 = l + 2*l, i + 520 = -3*l. Let d = -10 - l. List the prime factors of d.
2, 3
Let m(c) = 193*c**3 + c**2 - 3*c. List the prime factors of m(2).
2, 3, 257
Let y(v) = -40*v**3 - 3*v**2 +